 -5*q + 2*s - h = 0, q + 92 = -q - s. Let n = -23 - q. What are the prime factors of n?
3, 7
Suppose -3*f - 2*h + 2776 = 0, 6*h = -5*f + 9*h + 4614. List the prime factors of f.
2, 3, 7, 11
Let c be (-3*4/36)/(3/(-45)). Suppose 0 = -o - c*o + 270. List the prime factors of o.
3, 5
Let f = -24 - -17. Let t(s) = s**2 - 2*s + 6. List the prime factors of t(f).
3, 23
List the prime factors of (-24)/(-15) + -1 - (-3321)/15.
2, 3, 37
Let d be (-6)/4*(-9 + 11). Let u = 8 + -2. Let v = d + u. What are the prime factors of v?
3
Suppose 0 = 7*l - 10*l + 18. Let t = l - -17. List the prime factors of t.
23
Suppose -3*w + 5*w = 4. Let z(f) = -1 + w*f + 1 + f + 2*f**2. List the prime factors of z(-5).
5, 7
Let m(v) = -v**3 - 8*v**2 - 11*v - 13. Let o be m(-8). Let a = 50 + o. List the prime factors of a.
5
Let m = -59 + 62. Suppose -3*s - 5*i = 52 - 229, 0 = -m*i. What are the prime factors of s?
59
Let v(y) = -2*y**2 + 2*y + 830. List the prime factors of v(0).
2, 5, 83
Let u(i) be the first derivative of i**2 + 6*i + 8. Let h be u(7). Suppose 0 = 5*o + h - 170. What are the prime factors of o?
2, 3, 5
Suppose f + 2213 = 3*b, -2*b - 4*f + 1619 - 167 = 0. What are the prime factors of b?
2, 23
Suppose 17*w = 22*w. Suppose w = 4*f + f - 260. List the prime factors of f.
2, 13
Suppose -5*c + 4*s + 12465 = 0, -3*c + 29*s = 30*s - 7479. What are the prime factors of c?
3, 277
Let w(a) = 7*a - 16. Let h be w(3). Let y = 9 + -6. Suppose -h*k + 247 = 4*x, y*k - 195 + 513 = 5*x. List the prime factors of x.
3, 7
Suppose 5*o = 2*s + 104 - 413, 0 = -5*s + 4*o + 730. Let q = s - 66. What are the prime factors of q?
2, 19
Suppose -2*h - 4*y + 419 = -7*h, 4*y = -h - 103. Let p = h + 159. List the prime factors of p.
2, 3
Let x be (-1)/(-3)*18/2. Suppose -2*r + 4*r = 5*l - 32, -2*l - 2*r = -10. Suppose -j + x*j - l = 0. What are the prime factors of j?
3
Let b = -1 + 7. Let w be ((-4)/b)/((-6)/45). Suppose -4*l + 2*i + 3*i - 5 = 0, -w*l - 4*i = -45. What are the prime factors of l?
5
Suppose 3*q - r = -4, -2*q + 2*r - 4 = 4. Suppose q = -b + 8*b - 567. List the prime factors of b.
3
Let w(u) = u**2 - 14. Let n be w(0). Let m(g) = -g**2 - 13*g + 16. Let o be m(n). Suppose -r = 4*r - 20, o*r - 1 = p. What are the prime factors of p?
7
Suppose 447 = 5*l - 2*w - 54, 4*l = -w + 393. Suppose -386 - l = -5*z. List the prime factors of z.
97
Let i = -191 + 1. Let l = i + 304. What are the prime factors of l?
2, 3, 19
Let v be (-2)/11 - ((-684)/(-44))/(-3). What are the prime factors of v/(-25)*(-15)/(-6)*-50?
5
Let n(p) = p + 2. Let m be n(2). Suppose m*k = -0 + 12. List the prime factors of 4*k/6 - -7.
3
Suppose -5*g + x = -4*x - 190, 3*x = 4*g - 147. Suppose d - g = 37. What are the prime factors of d?
2, 5, 7
Let m = 19 + -21. What are the prime factors of m/3 - 346/(-6)?
3, 19
What are the prime factors of 3/(4*7/1260)?
3, 5
Suppose -4*k + d + 466 = 2*d, -4*d = 8. Let z = 260 - k. List the prime factors of z.
11, 13
Let g be 2 - 2 - (-10)/5. Let i(n) = -n**2 + 4*n + 1. List the prime factors of i(g).
5
Suppose c = -j + 6, -31*j - 5*c + 27 = -27*j. Let q(s) = 6*s**2. Let p be q(1). Suppose 5*z - 106 + 32 = 3*o, p = j*o. List the prime factors of z.
2
Let z(s) = -11*s + 1. Let n(u) = -u**3 + 11*u**2 - u + 10. Suppose -3*a = c - 5, -5*c + 2*a + 19 = -40. Let d be n(c). List the prime factors of z(d).
2, 3
Suppose 5 = -0*h - 2*h + b, -5*h - 2*b = -10. What are the prime factors of (-26)/(-13) + (76 - h)?
2, 3, 13
Let k = -685 + 751. List the prime factors of k.
2, 3, 11
Let k(x) = x**2 - 8*x - 21. Let s be k(17). Suppose 0*p = -3*p + s. Suppose -3*r = -p - 67. What are the prime factors of r?
37
Let c be (-4 + 11/3)*-951 - 2. Suppose 0 = 3*t + t, 0 = 5*r + t - c. List the prime factors of r.
3, 7
Suppose -5*x + 10*v - 7*v + 9803 = 0, -3*x = 2*v - 5878. List the prime factors of x.
2, 5, 7
Suppose s - 36 = -v, 4*v - 5*v - 112 = -3*s. What are the prime factors of s?
37
Suppose -h + x = 175, 4*h + 0*h + 3*x + 693 = 0. Let y = -118 - h. What are the prime factors of y?
2, 7
Suppose -35*l - 8283 = -38*l. List the prime factors of l.
11, 251
Let k(v) be the first derivative of -7*v**2/2 - 19*v + 23. What are the prime factors of k(-5)?
2
Let r be (356/(-10))/((-1)/5). Let k be ((-80)/60)/((-2)/(-3)) + 5. Suppose k*o = 4*c + r, 0 = 4*o - 0*o - 3*c - 242. What are the prime factors of o?
2, 31
Suppose 3*g + 30 = -66. Let u be (16/g)/((-2)/8). Suppose -1 - 27 = -u*w. What are the prime factors of w?
2, 7
Let b(q) = 27*q**2 - 14*q - 137. What are the prime factors of b(-12)?
3919
Suppose -4*g - 4*m = -2700, -5*g + 2*m + 3663 = 274. What are the prime factors of g?
677
Let c = -1889 + 4884. List the prime factors of c.
5, 599
Let l be 37 + -2*3/6. Suppose 4*c - l = -204. Let a = c - -61. List the prime factors of a.
19
Let f(m) = -12*m**3 - 3*m**2 + 47*m + 235. List the prime factors of f(-6).
2437
Suppose -d + 3*x - 9 + 0 = 0, d - 5*x + 13 = 0. What are the prime factors of d - 11/(11/(-96))?
3, 31
Let f be ((-4)/(-10))/((-434)/(-145) + -3). Let i = 9 - f. What are the prime factors of i?
67
Suppose 3*m - 5*a + 716 = 0, -4*a + 2*a = -2*m - 480. Let p = 400 + m. List the prime factors of p.
2, 79
Suppose -2*x - 3*x - 255 = 0. Let g be (-1)/4 + x/(-12). Suppose 4*y + g*s = 124, -y - 46 = -3*y + 2*s. What are the prime factors of y?
3
Let y(r) = 15*r**2 - 51. List the prime factors of y(-9).
2, 3, 97
Let c be (-4 - (-4 + 3))*1. Let i be (-1)/(-2 - c/1). What are the prime factors of (16/40)/(i/(-100))?
2, 5
Let n = -5 + 7. Suppose 4*l - 12 = 0, -n*r + 47 = 3*l - 4*l. Suppose r = 3*p - 41. List the prime factors of p.
2, 11
Let r = -11 + -8. Suppose -4*i + 8*i = f + 54, 0 = -i + 4. Let y = r - f. List the prime factors of y.
19
Suppose -q = 3, 4*f = -0*f + 5*q + 547. Suppose 0 = -38*a + 37*a + f. What are the prime factors of a?
7, 19
Suppose 0 = -8*h + 7*h + 377. What are the prime factors of h?
13, 29
Let u = 8 - 6. Suppose -2 = -2*o + u. List the prime factors of (12/(-8) + o)*22.
11
Let w = 20 - 15. Suppose 10*k - 245 = w*k. List the prime factors of k.
7
Let j = -1010 + 1906. What are the prime factors of j?
2, 7
Suppose 0 = -0*a - 4*a + 3*c + 343, 2*c - 236 = -3*a. Let v = 47 - a. List the prime factors of 2 + -1 - 1 - v.
5, 7
Suppose 0 = 7*z - 2*z - 5. Suppose -4*b = 0, z = 3*j - 3*b - 2. Let p = j - -9. What are the prime factors of p?
2, 5
Let j be 1368/84 + (-4)/14. Let u be 6/(-5)*(-40)/j. Suppose -21 - u = -4*m. What are the prime factors of m?
2, 3
Let d(g) = 915*g - 164. What are the prime factors of d(5)?
11, 401
Let h(f) = f**2 + 12*f - 1. Let y be h(-12). Let q = y - -14. What are the prime factors of q?
13
Let y be 10*3/(-4 + 10)*1. Suppose -a + 101 = -u, -2*u = -y*a + 407 + 89. What are the prime factors of a?
2, 7
Let i(z) = 8*z**2 - 7*z + 6. Let q(h) = -15*h**2 + 13*h - 11. Let p(r) = -7*i(r) - 4*q(r). List the prime factors of p(6).
2
Let a(z) = -z**3 - 4*z**2 + 6*z + 32. List the prime factors of a(-9).
383
Let o be 0/((-4 + 3)/(-1)). Suppose 0*l + 73 = w + 3*l, o = l + 2. List the prime factors of w.
79
Let b = 10 - 1. Suppose 4*q = b*q - 240. List the prime factors of q.
2, 3
Suppose -2*j = 3*j - 275. Let z be -6*(3 + j/(-3)). Suppose -3*x + 55 = -z. List the prime factors of x.
7
Suppose 0 = -123*y + 127*y - 2188. What are the prime factors of y?
547
Let d(n) be the third derivative of n**6/120 - n**5/20 - n**4/12 + 5*n**3/6 - 2*n**2. Suppose 5*q - 29 + 9 = 0. List the prime factors of d(q).
13
Let o(h) = -4*h - 51. Let i be o(-13). Let v(r) = 143*r**3 - r**2 + 2*r - 2. What are the prime factors of v(i)?
2, 71
Let f(x) = x**3 + 4*x**2 - 4. Let s be f(-3). Suppose -s*v + 418 - 88 = 0. What are the prime factors of v?
2, 3, 11
Let i(w) = w + 11. Let o be i(-6). Suppose -4 + 14 = o*c. Suppose 6*n = c*n + 212. What are the prime factors of n?
53
Suppose -3*u + 265 - 46 = 0. Let r = 87 + u. List the prime factors of r.
2, 5
Let h(j) = -20*j + 2. Suppose 4*t + 1 = -3*o - 12, -2*o - 11 = 5*t. List the prime factors of h(t).
2, 11
Let k be -3 + (-132)/(-4) - 2. Let m = k + 54. What are the prime factors of m?
2, 41
Suppose -9*v = -8*v - 70. Suppose -3*j - 4*i = -238 + 8, -v = -j + 2*i. What are the prime factors of j?
2, 37
Let r(w) = 4 - 4*w**2 - 1 + 4*w**2 - w**2 -